{"id":8,"date":"2016-03-19T11:14:38","date_gmt":"2016-03-19T11:14:38","guid":{"rendered":"http:\/\/pfila-live.cvjm-eltingen.de\/?page_id=8"},"modified":"2022-01-19T21:42:19","modified_gmt":"2022-01-19T20:42:19","slug":"ueber-das-pfingstlager","status":"publish","type":"page","link":"https:\/\/cvjm-eltingen.de\/pfila-live\/ueber-das-pfingstlager\/","title":{"rendered":"\u00dcber das Pfingstlager"},"content":{"rendered":"<div class=\"wpb-content-wrapper\"><p>[vc_row][vc_column][vc_column_text]Seit vielen Jahren ist das Zeltlager an Pfingsten ein gro\u00dfes Highlight im CVJM Eltingen. F\u00fcr 2022 hoffe wir sehr darauf endlich wieder ein &#8222;normales&#8220; Pfingstlager auf die Beine stellen zu d\u00fcrfen und damit unsere positive Geschichte der letzten Jahre weiter schreiben: 100 Menschen auf einem Zeltplatz. Und wir freuen uns darauf![\/vc_column_text]<style type=\"text\/css\" data-type=\"the7_shortcodes-inline-css\">.shortcode-single-image-wrap.shortcode-single-image-b129915c84e9e6957d33a3f68b6d9704.enable-bg-rollover .rollover i,\n.shortcode-single-image-wrap.shortcode-single-image-b129915c84e9e6957d33a3f68b6d9704.enable-bg-rollover .rollover-video i {\n  background: -webkit-linear-gradient();\n  background: linear-gradient();\n}\n.shortcode-single-image-wrap.shortcode-single-image-b129915c84e9e6957d33a3f68b6d9704 .rollover-icon {\n  font-size: 32px;\n  color: #ffffff;\n  min-width: 44px;\n  min-height: 44px;\n  line-height: 44px;\n  border-radius: 100px;\n  border-style: solid;\n  border-width: 0px;\n}\n.dt-icon-bg-on.shortcode-single-image-wrap.shortcode-single-image-b129915c84e9e6957d33a3f68b6d9704 .rollover-icon {\n  background: rgba(255,255,255,0.3);\n  box-shadow: none;\n}<\/style><div class=\"shortcode-single-image-wrap shortcode-single-image-b129915c84e9e6957d33a3f68b6d9704 alignnone  enable-bg-rollover dt-icon-bg-off\" style=\"margin-top:10px; margin-bottom:10px; margin-left:10px; margin-right:10px;\"><div class=\"shortcode-single-image\"><div class=\"fancy-media-wrap\" style=\"\"><a class=\"layzr-bg rollover rollover-zoom dt-pswp-item pswp-image\" href=\"https:\/\/cvjm-eltingen.de\/pfila-live\/wp-content\/uploads\/sites\/5\/2016\/03\/dsc01962.jpg\" title=\"dsc01962\" data-dt-img-description=\"\" data-large_image_width=\"1024\" data-large_image_height = \"768\"  style=\"\"><img fetchpriority=\"high\" decoding=\"async\" class=\"preload-me lazy-load aspect\" src=\"data:image\/svg+xml,%3Csvg%20xmlns%3D&#39;http%3A%2F%2Fwww.w3.org%2F2000%2Fsvg&#39;%20viewBox%3D&#39;0%200%201024%20768&#39;%2F%3E\" data-src=\"https:\/\/cvjm-eltingen.de\/pfila-live\/wp-content\/uploads\/sites\/5\/2016\/03\/dsc01962.jpg\" data-srcset=\"https:\/\/cvjm-eltingen.de\/pfila-live\/wp-content\/uploads\/sites\/5\/2016\/03\/dsc01962.jpg 1024w\" loading=\"eager\" style=\"--ratio: 1024 \/ 768\" sizes=\"(max-width: 1024px) 100vw, 1024px\" width=\"1024\" height=\"768\"  data-dt-location=\"https:\/\/cvjm-eltingen.de\/pfila-live\/dsc01962\/\" alt=\"\" \/><\/a><\/div><\/div><\/div>[vc_column_text]Wir haben 6 Tage voller Programm und Spannung f\u00fcr Ihre Kinder vorbereitet.<\/p>\n<p>Auf dem Pfila wird es nicht nur Schmuggelspiele, Nachtwanderungen, Tagesgel\u00e4ndespiele und Fu\u00dfballmatchs geben, sondern auch viele Workshops f\u00fcr die unterschiedlichen kleinen Talente und viel Musik. Die Tage auf dem Zeltplatz sollen eine M\u00f6glichkeit sein allen Teilnehmern von Gott zu erz\u00e4hlen und mit ihnen ins Gespr\u00e4ch zu kommen. Dazu bereiten wir in jedem Jahr eine Geschichte vor. Dieses Jahr wird es um Saulus gehen, der Christen verfolgt und an einem Tag pl\u00f6tzlich zu Paulus, dem Christenfreund wird. Statt Christen einzusperren, wird er zu einer der bekanntesten biblischen Personen. Wir wollen altersgerecht diskutieren, Lieder voller Begeisterung singen und Spa\u00df haben&#8230;so ein Zeltlager ist sehr vielseitig.<\/p>\n<p>Eine Woche auf unserem Pfila unterscheidet sich deutlich von Zuhause: wir schlafen in Zelten, es gibt keine Sp\u00fclmaschine, sondern viele Sp\u00fclwannen. Wir lassen den Abend nicht vor dem Fernseher sondern am Lagerfeuer ausklingen und habe eine grandiose Gemeinschaft mit 100 anderen Kindern und Mitarbeitenden.<\/p>\n<p>Wir wollen Ihre Kinder herzlich einladen mit uns das Abenteuer &#8222;Zelten&#8220; zu entdecken und mit uns \u00fcber Gott zu reden. Wir wollen die Teamf\u00e4higkeit Ihrer Kinder schulen und werden in verschiedenen Spielen und mit Workshops auf die einzelnen St\u00e4rken und Talente der Kinder eingehen. [\/vc_column_text][\/vc_column][\/vc_row]<\/p>\n<\/div>","protected":false},"excerpt":{"rendered":"<p>[vc_row][vc_column][vc_column_text]Seit vielen Jahren ist das Zeltlager an Pfingsten ein gro\u00dfes Highlight im CVJM Eltingen. F\u00fcr 2022 hoffe wir sehr darauf endlich wieder ein &#8222;normales&#8220; Pfingstlager auf die Beine stellen zu d\u00fcrfen und damit unsere positive Geschichte der letzten Jahre weiter schreiben: 100 Menschen auf einem Zeltplatz. Und wir freuen uns darauf![\/vc_column_text][vc_column_text]Wir haben 6 Tage voller&hellip;<\/p>\n","protected":false},"author":1,"featured_media":0,"parent":0,"menu_order":0,"comment_status":"closed","ping_status":"closed","template":"","meta":{"footnotes":""},"class_list":["post-8","page","type-page","status-publish","hentry","description-off"],"_links":{"self":[{"href":"https:\/\/cvjm-eltingen.de\/pfila-live\/wp-json\/wp\/v2\/pages\/8","targetHints":{"allow":["GET"]}}],"collection":[{"href":"https:\/\/cvjm-eltingen.de\/pfila-live\/wp-json\/wp\/v2\/pages"}],"about":[{"href":"https:\/\/cvjm-eltingen.de\/pfila-live\/wp-json\/wp\/v2\/types\/page"}],"author":[{"embeddable":true,"href":"https:\/\/cvjm-eltingen.de\/pfila-live\/wp-json\/wp\/v2\/users\/1"}],"replies":[{"embeddable":true,"href":"https:\/\/cvjm-eltingen.de\/pfila-live\/wp-json\/wp\/v2\/comments?post=8"}],"version-history":[{"count":7,"href":"https:\/\/cvjm-eltingen.de\/pfila-live\/wp-json\/wp\/v2\/pages\/8\/revisions"}],"predecessor-version":[{"id":527,"href":"https:\/\/cvjm-eltingen.de\/pfila-live\/wp-json\/wp\/v2\/pages\/8\/revisions\/527"}],"wp:attachment":[{"href":"https:\/\/cvjm-eltingen.de\/pfila-live\/wp-json\/wp\/v2\/media?parent=8"}],"curies":[{"name":"wp","href":"https:\/\/api.w.org\/{rel}","templated":true}]}}

Über das Pfingstlager

<div class="wpb-content-wrapper"><p>[vc_row][vc_column][vc_column_text]Seit vielen Jahren ist das Zeltlager an Pfingsten ein großes Highlight im CVJM Eltingen. Für 2022 hoffe wir sehr darauf endlich wieder ein &#8222;normales&#8220; Pfingstlager auf die Beine stellen zu dürfen und damit unsere positive Geschichte der letzten Jahre weiter schreiben: 100 Menschen auf einem Zeltplatz. Und wir freuen uns darauf![/vc_column_text]<style type="text/css" data-type="the7_shortcodes-inline-css">.shortcode-single-image-wrap.shortcode-single-image-b129915c84e9e6957d33a3f68b6d9704.enable-bg-rollover .rollover i,
.shortcode-single-image-wrap.shortcode-single-image-b129915c84e9e6957d33a3f68b6d9704.enable-bg-rollover .rollover-video i {
  background: -webkit-linear-gradient();
  background: linear-gradient();
}
.shortcode-single-image-wrap.shortcode-single-image-b129915c84e9e6957d33a3f68b6d9704 .rollover-icon {
  font-size: 32px;
  color: #ffffff;
  min-width: 44px;
  min-height: 44px;
  line-height: 44px;
  border-radius: 100px;
  border-style: solid;
  border-width: 0px;
}
.dt-icon-bg-on.shortcode-single-image-wrap.shortcode-single-image-b129915c84e9e6957d33a3f68b6d9704 .rollover-icon {
  background: rgba(255,255,255,0.3);
  box-shadow: none;
}</style><div class="shortcode-single-image-wrap shortcode-single-image-b129915c84e9e6957d33a3f68b6d9704 alignnone  enable-bg-rollover dt-icon-bg-off" style="margin-top:10px; margin-bottom:10px; margin-left:10px; margin-right:10px;"><div class="shortcode-single-image"><div class="fancy-media-wrap" style=""><a class="layzr-bg rollover rollover-zoom dt-pswp-item pswp-image" href="https://cvjm-eltingen.de/pfila-live/wp-content/uploads/sites/5/2016/03/dsc01962.jpg" title="dsc01962" data-dt-img-description="" data-large_image_width="1024" data-large_image_height = "768"  style=""><img fetchpriority="high" decoding="async" class="preload-me lazy-load aspect" src="data:image/svg+xml,%3Csvg%20xmlns%3D&#39;http%3A%2F%2Fwww.w3.org%2F2000%2Fsvg&#39;%20viewBox%3D&#39;0%200%201024%20768&#39;%2F%3E" data-src="https://cvjm-eltingen.de/pfila-live/wp-content/uploads/sites/5/2016/03/dsc01962.jpg" data-srcset="https://cvjm-eltingen.de/pfila-live/wp-content/uploads/sites/5/2016/03/dsc01962.jpg 1024w" loading="eager" style="--ratio: 1024 / 768" sizes="(max-width: 1024px) 100vw, 1024px" width="1024" height="768"  data-dt-location="https://cvjm-eltingen.de/pfila-live/dsc01962/" alt="" /></a></div></div></div>[vc_column_text]Wir haben 6 Tage voller Programm und Spannung für Ihre Kinder vorbereitet.</p>
<p>Auf dem Pfila wird es nicht nur Schmuggelspiele, Nachtwanderungen, Tagesgeländespiele und Fußballmatchs geben, sondern auch viele Workshops für die unterschiedlichen kleinen Talente und viel Musik. Die Tage auf dem Zeltplatz sollen eine Möglichkeit sein allen Teilnehmern von Gott zu erzählen und mit ihnen ins Gespräch zu kommen. Dazu bereiten wir in jedem Jahr eine Geschichte vor. Dieses Jahr wird es um Saulus gehen, der Christen verfolgt und an einem Tag plötzlich zu Paulus, dem Christenfreund wird. Statt Christen einzusperren, wird er zu einer der bekanntesten biblischen Personen. Wir wollen altersgerecht diskutieren, Lieder voller Begeisterung singen und Spaß haben&#8230;so ein Zeltlager ist sehr vielseitig.</p>
<p>Eine Woche auf unserem Pfila unterscheidet sich deutlich von Zuhause: wir schlafen in Zelten, es gibt keine Spülmaschine, sondern viele Spülwannen. Wir lassen den Abend nicht vor dem Fernseher sondern am Lagerfeuer ausklingen und habe eine grandiose Gemeinschaft mit 100 anderen Kindern und Mitarbeitenden.</p>
<p>Wir wollen Ihre Kinder herzlich einladen mit uns das Abenteuer &#8222;Zelten&#8220; zu entdecken und mit uns über Gott zu reden. Wir wollen die Teamfähigkeit Ihrer Kinder schulen und werden in verschiedenen Spielen und mit Workshops auf die einzelnen Stärken und Talente der Kinder eingehen. [/vc_column_text][/vc_column][/vc_row]</p>
</div>

<p>[vc_row][vc_column][vc_column_text]Seit vielen Jahren ist das Zeltlager an Pfingsten ein großes Highlight im CVJM Eltingen. Für 2022 hoffe wir sehr darauf endlich wieder ein &#8222;normales&#8220; Pfingstlager auf die Beine stellen zu dürfen und damit unsere positive Geschichte der letzten Jahre weiter schreiben: 100 Menschen auf einem Zeltplatz. Und wir freuen uns darauf![/vc_column_text][vc_column_text]Wir haben 6 Tage voller&hellip;</p>
